t i(n) = o*g(n) - 6*x(n). Give i(h).
5
Let j(g) be the first derivative of g**4/4 + 2*g**3 + 5*g**2/2 + g - 12. Give j(-5).
1
Let x = -8 - -8. Suppose x = -z + 3*a - 2, -4*a + 4 = -z - 0*a. Let q(f) = -z*f + 4*f - 5 - 2*f. What is q(-5)?
5
Let l(w) = w**2 + 7*w + 7. Let z(f) = -1. Let k(a) = l(a) + 5*z(a). What is k(-7)?
2
Let c(d) = -2*d**2 + 4*d - 2. Suppose 4*j + 6 = 6*j. What is c(j)?
-8
Let d(o) = o**3 - o**2 + 3. Let a be d(0). Let k be 2/(-1 + a) - 2. Let g(w) = -10*w + 4. Let r(x) = -21*x + 9. Let s(q) = 7*g(q) - 3*r(q). Determine s(k).
8
Suppose -4*u + 9 = -5*a, -a = -0*u + u. Let k(w) = 6*w**3 + w - 1. What is k(u)?
6
Suppose 2*u - u - 55 = 0. Suppose 16 = -3*t + u. Let y(j) = -j**2 + 2*j**2 - t*j + 16*j. Determine y(-3).
0
Let c(t) = t**3 - 3*t**2 - 3*t - 1. Suppose 0 = 4*s - 4*l - 40, -2*s + 3 + 2 = l. Suppose 0 = -3*o + s*o - 12. Let u be (-6)/(-9) - (-20)/o. What is c(u)?
3
Let q be (-6)/39 + (-123)/(-39). Suppose 4*j = 5*g - 50, -6*g + 39 = -2*g - q*j. Let d(h) = -2*h**2 + g - 1 + 0*h - 3*h + 3*h**2. What is d(4)?
9
Let l(q) be the second derivative of q**3/6 + 4*q**2 + 6*q. Calculate l(-6).
2
Let m(l) = -l**2 + 3*l + 1. Let n = 17 + -25. Let j be (n/3)/((-12)/18). Determine m(j).
-3
Suppose 3*s + 2*q + 8 = 0, s - 6 = -8*q + 3*q. Let y(t) be the third derivative of t**4/24 + 3*t**3/2 + t**2. Calculate y(s).
5
Let b(c) = -6*c**2 - 9*c + 10. Let s(z) = 9*z**2 + 13*z - 14. Let d(p) = -7*b(p) - 5*s(p). What is d(-3)?
-21
Let f be 0/(0 + (-1)/1). Let c = f - -3. Let v(q) = 4*q - 8*q + 5*q**c + 3*q. Calculate v(-1).
-4
Let b = -3 - -3. Suppose b = -7*o + 2*o + 20. Let j be (10/4)/(o/(-8)). Let c(i) = i**3 + 5*i**2 + i - 4. What is c(j)?
-9
Let f(z) = -2*z - 10. Let h be f(-5). Let m(j) be the third derivative of -1/24*j**4 + h*j - 1/2*j**3 - j**2 + 0. What is m(0)?
-3
Suppose 0 = 5*k - k. Let a = -2 + k. Let q(b) = -b**3 + b**2 + 2. Give q(a).
14
Suppose -d + 5*d - 5*k + 12 = 0, d + 3 = -3*k. Let w(c) = c**2 + c - 4. Determine w(d).
2
Let r(h) be the third derivative of h**6/120 - h**5/15 - h**4/6 - h**3/3 + 9*h**2. What is r(4)?
-18
Let o = 6 + -12. Let r = o + 0. Let x(q) = -2*q - 8. Calculate x(r).
4
Let u(x) = 0*x + 2*x + 1 + 6. Let p(w) = 5*w + 20. Let f(a) = 6*p(a) - 17*u(a). Suppose 3 = 3*l - 0. What is f(l)?
-3
Let q(b) be the first derivative of b**4/4 - b**3 - b**2/2 - 3*b + 21. What is q(3)?
-6
Let m(r) = r**2 + 11*r - 6. Let k be m(-12). Let c(s) = -1 - s + 0 - k*s**2 + 2*s. Suppose 1 = 2*d - 1. Give c(d).
-6
Let j be 3/(-12) + 23/(-4). Let s(g) = g + 5. Let w be s(j). Let z(i) = 2*i - i + 16*i**2 - 12*i**2. What is z(w)?
3
Suppose -2*d - 3 = 5. Let c(u) = 2*u**3 - u**2 - 4*u. Let j be c(2). Let k = d + j. Let r(n) = -n**3 + n**2 + 7. What is r(k)?
7
Let f(i) be the third derivative of -1/180*i**6 - 1/3*i**3 + 0 - 3*i**2 + 0*i**5 - 1/24*i**4 + 0*i. Let a(m) be the first derivative of f(m). Determine a(-1).
-3
Let l(t) = -t**3 - 6*t**2 - 5*t - 1. Let p be (1/(-2) + 0)*-32. Let k be ((-6)/(-4))/(6/p). Suppose -o - 9 = -k. Determine l(o).
-1
Let u be (1/(-2)*0)/3. Suppose 4*k - 4 = -2*l, u = -k - l - 2 + 4. Let w(o) = 3*o - 4*o - 3 + k*o. Calculate w(-4).
1
Let f(g) = 4*g**2 - 6*g**3 + 0*g - 5 - 2*g - 4*g. Let s(n) = -7*n**3 + 5*n**2 - 7*n - 6. Let t(h) = -6*f(h) + 5*s(h). Determine t(0).
0
Let d(a) = -1 - 1 + 3 + 0 - 7*a**2 + 2*a. Calculate d(-1).
-8
Suppose 22 = 4*v + 2*j - 4*j, 0 = 5*v + 5*j - 65. Let u(b) = b**2 - 9*b + 10. Let q be u(v). Let w(x) = -x + q*x**3 + x**3 + 0*x**3. Give w(1).
2
Let f(i) = -i - 9. Let o be f(-14). Let d(m) = -m**2 + 8*m - 6. Determine d(o).
9
Suppose -y = -0*y - 2. Suppose 0 = -7*j + y*j. Let m(b) = b + 6. Determine m(j).
6
Let x(c) be the first derivative of 3*c**4/4 - 4*c**3 - 7*c**2 - 15*c + 9. Let s(r) = r**3 - 6*r**2 - 7*r - 7. Let v(j) = -5*s(j) + 2*x(j). Calculate v(-5).
-5
Let g = 65 - 62. Let r(p) be the first derivative of 2 + 0*p + 1/2*p**2 + 0*p**g - 2*p**4. Determine r(1).
-7
Let f(r) be the third derivative of r**4/24 + r**3/3 - r**2. Let d(c) = -121 - 2*c - c + 115. Let m(n) = 3*d(n) + 8*f(n). Give m(-5).
3
Let d(q) = -q**3 + 2*q**2 + q + 4. Suppose 2*c + 2*c = 5*b - 3, -55 = 5*c + 4*b. Let p(r) = r**3 + 8*r**2 + 8*r + 10. Let f be p(c). What is d(f)?
-2
Let o = 60 + -59. Let i(g) = 26*g**3 + 2*g**2 - 2*g + 1. What is i(o)?
27
Let r(q) = -q**2 - q + 2. Let u(t) = t**2 - 1 + 1 - 2 + t. Suppose -4*g + 3*g + 7 = 0. Let z(n) = g*u(n) + 6*r(n). Determine z(-2).
0
Let c = -1 - -7. Let o(b) = -b - 2. Determine o(c).
-8
Let b(c) = c**3 + 9*c - 4. Let q(u) = 2*u**3 + 17*u - 7. Let v(t) = -11*b(t) + 6*q(t). What is v(-2)?
-12
Let r(t) = -t**2 - 4*t - 4. Let g(c) be the second derivative of c**5/20 - 2*c**4/3 + 5*c**3/6 + 5*c**2 - 5*c. Let b be g(7). What is r(b)?
-4
Suppose 3*u = 8*u. Let t(o) = -4*o**3 + 3*o**3 + 0*o**3 - 6. What is t(u)?
-6
Let k(p) = p**2 - 8*p - 2. Let x(y) = -6*y**2 + 34*y + 10. Let u(l) = 3*l**2 - 17*l - 5. Let g(s) = -13*u(s) - 6*x(s). Let v(z) = 2*g(z) + 5*k(z). Give v(-4).
8
Let t be (8/6)/(12/27). Let q(g) = -7*g + 2. Determine q(t).
-19
Let q(j) = -j**2 - 4*j + 2. Let l = 6 + -6. Suppose 6*h = h - 5*c - 25, l = 5*h - 2*c + 18. Give q(h).
2
Let x(m) = -m**3 - 4*m**2 + m. Suppose -3*l + 4*l = 0. Suppose -2*g + g - 4 = l. Give x(g).
-4
Let r be (-1)/(1 + (-15)/12). Let v be (0 + r - 1) + -6. Let z be 5 + (v + 4)/1. Let k(h) = h - 5. Calculate k(z).
1
Let c(d) = -6 + 3*d**2 + d - d**3 + 7 - 3*d**2. Calculate c(2).
-5
Let i = -57 + 61. Let g(n) = -5*n + n + n. Give g(i).
-12
Let z(s) = 8*s**3 + 7*s**2 + 6*s - 10. Let o(r) = 5*r**3 + 5*r**2 + 4*r - 7. Let c(d) = -7*o(d) + 5*z(d). Give c(1).
6
Let k = -23 - -32. Let m(g) = -g**3 + 10*g**2 - 9*g + 6. Determine m(k).
6
Let s(l) = -3*l**2 - 4*l - 5. Let j(r) = r**2 + r + 1. Let b(h) = -2*j(h) - s(h). Calculate b(-4).
11
Let i be ((-8)/12)/(1/(-21)). Let a be (-19)/(-7) - (-4)/i. Let s(j) = 4*j**2 - 3*j**a + 5*j**3 - 5*j - 5 - j**3. Determine s(-5).
-5
Suppose 6*u - 4 = 2*u, -5*b + 4 = -u. Let i(g) be the third derivative of -g**5/20 - g**2. What is i(b)?
-3
Let g(y) be the first derivative of 1 + 7/2*y**2 + 4*y + 1/3*y**3. Let n = 44 - 49. Give g(n).
-6
Let c(y) = y**3 - 5*y**2 + 3. Suppose -a + 12 = 7. Give c(a).
3
Let f(i) = i - i**3 + 3 - 3*i**2 + i + 3*i. Suppose 4*y = 4*m + 16, 3*m + 0 = 4*y - 12. Give f(m).
-1
Let f(w) = w**3 + w**2 + 3 - 17*w + 18*w + 2. Calculate f(0).
5
Suppose 2*v - 10 = -4*j, 0*v + 12 = 3*j - 3*v. Let x(o) = -j - 4 - 3 + 6 - o. Let p(s) = s**2 - 1. Let n be p(-2). What is x(n)?
-7
Let u = 0 - -3. Suppose u + 7 = 5*y. Let a(p) = -p**2 - 2*p. Give a(y).
-8
Let k(q) = q**3 + 7*q**2 - 8. Let t be (-8 - -2) + 1 + -2. Give k(t).
-8
Suppose 3*r = -r. Let d(a) = -a**2 + 9. Give d(r).
9
Let k = -4 - -7. Suppose -k*x - 20 = -7*x. Let r(g) = -g**3 + 5*g**2 - g + 3. Determine r(x).
-2
Let p(a) = -a - 2. Let q(d) = d**3 - 18*d**2 - 19*d - 6. Let s be q(19). Give p(s).
4
Suppose -24 = 5*l + 2*x, -3*l - 3*x = -4*x + 10. Let u(c) = -c + 3. Calculate u(l).
7
Let l(v) be the first derivative of v**2 + 3*v + 4. Suppose -1 - 3 = -t. Suppose t*f - 4 = 6*f. Calculate l(f).
-1
Let j(y) = 9*y**2 - 9*y. Let c(p) = 3*p**2 - 3*p. Let h(k) = 7*c(k) - 2*j(k). Let n be (-3)/(-9) + 42/9. Suppose n*q - 4 = 6. Calculate h(q).
6
Let w(a) = -a**3 + a + 1. Let j(t) = 3*t**3 + 4*t**2 - 2*t - 1. Let o(f) = j(f) + 2*w(f). Let m(r) = 6*r - 16. Let y be m(2). Determine o(y).
1
Let t(g) = -g**2 - 3*g - 5. Let f(q) = -q**3 - 24*q**2 - 24*q - 27. Let d be f(-23). What is t(d)?
-9
Let b(j) = -j**3 - 4*j**2 + 6*j - 3. Let z(d) = 5 + 4 - 2*d - d - 5. Let w be z(3). Determine b(w).
-8
Let r(q) be the third derivative of -q**4/24 + 5*q**3/3 + q**2. Suppose 4*l = 3*u - 20, 4*u = -5*l - 19 - 6. Give r(u).
10
Let f(s) = 3*s**2 - 3*s - 5. Let t(c) = -4*c**2 + 4*c + 4. Let o(w) = -3*f(w) - 2*t(w). Let g = -1 - -6. Suppose g*q = 7*q. What is o(q)?
7
Let w = 3 - 9. Let s(l) = -l - 7. Determine s(w).
-1
Suppose 4*f = -7 - 9. Let a be 3/f*(-24)/3. Let p(t) = t**3 - 7*t**2 + 6*t + 6. What is p(a)?
6
Let a(z) be the second derivative of z**5/20 - z**4/3 - z**3/6 - z**2/2 - 38*z. What is a(4)?
-5
Let v(t) = -13*t - 6. Let a(f) = f + 1. Let n(b) = -5*a(b) - v(b). Give n(1).
9
Let o(c) be the second derivative of 0 - 6*c - 3/2*c**2 + 1/6*c**3 + 1/12*